{"id":81,"date":"2025-11-25T20:07:16","date_gmt":"2025-11-25T19:07:16","guid":{"rendered":"https:\/\/torce2026.fr\/?page_id=81"},"modified":"2025-12-07T21:50:35","modified_gmt":"2025-12-07T20:50:35","slug":"voirie","status":"publish","type":"page","link":"https:\/\/torce2026.fr\/?page_id=81","title":{"rendered":"Voirie"},"content":{"rendered":"<div class=\"wp-block-post-date\"><time datetime=\"2025-11-25T20:07:16+01:00\">25\/11\/2025<\/time><\/div>\n\n\n<p><strong>Deux questions \u00e9pineuses en mati\u00e8re de voirie \u00e0 torc\u00e9 en Vall\u00e9e&nbsp;:<\/strong><\/p>\n\n\n\n<ul class=\"wp-block-list\">\n<li><strong>Comment satisfaire le plus grand nombre si des travaux \u00e9taient men\u00e9s pour am\u00e9nager des trottoirs, faciliter la circulation, assurer du stationnement pour les commerces et les riverains et enfin embellir le centre bourg&nbsp;?<\/strong><\/li>\n\n\n\n<li><strong>Deuxi\u00e8me question&nbsp;: combien \u00e7a co\u00fbte&nbsp;?<\/strong><\/li>\n<\/ul>\n\n\n\n<p>Le sujet est tellement br\u00fblant que finalement tout le monde se refile la patate chaude et rien n\u2019est fait. Clairement la situation n\u2019est pas satisfaisante et cela pour tous les usagers, habitants de Torc\u00e9 ou non.<\/p>\n\n\n\n<p>Or le mois de novembre 2025 a peut-\u00eatre apport\u00e9 un d\u00e9but de solution, avec des travaux r\u00e9alis\u00e9s en haut de la rue Notre Dame et la mise en place d\u2019un alternat avec des feux tricolores.<\/p>\n\n\n\n<p>Renseignements pris, dans la rue, dans les rues adjacentes et pour des gens hors du bourg, cet alternat a facilit\u00e9 le va et vient des voitures, a apais\u00e9 la circulation et a fait baisser la vitesse moyenne des v\u00e9hicules. Les pi\u00e9tons se sont sentis moins en ins\u00e9curit\u00e9.<\/p>\n\n\n\n<p>C\u2019est r\u00e9ellement une piste \u00e0 \u00e9tudier, d\u2019abord il faut trouver le bon emplacement des tricolores (rue notre Dame, devant l\u2019\u00e9glise et rue des Rosiers), les espaces d\u00e9di\u00e9s aux stationnements, puis plus tard le traitement paysager de la voirie.<\/p>\n\n\n\n<p>Ces options peuvent \u00eatre facilement mises \u00e0 l\u2019\u00e9tude en provisoire, avec une r\u00e9elle volont\u00e9 de consultation des usagers. Nous pensons aux exploitants agricoles et autres usagers qui circulent avec des v\u00e9hicules gros volumes.<\/p>\n\n\n\n<p>Pour rappel et on a du mal \u00e0 le croire, mais les comptages du d\u00e9partement donnent en 2023 un chiffre d\u2019environ 2500 passages en moyenne par 24 h, dans la rue Notre Dame, dont 80 v\u00e9hicules lourds. Il n\u2019est pas question d\u2019interdire, mais de r\u00e9guler, de partager, de faciliter.<\/p>\n\n\n\n<h2 class=\"wp-block-heading is-style-text-subtitle is-style-text-subtitle--1\">Vue de la rue Notre Dame depuis le num\u00e9ro 10.<\/h2>\n\n\n\n<figure class=\"wp-block-gallery has-nested-images columns-default is-cropped wp-block-gallery-2 is-layout-flex wp-block-gallery-is-layout-flex\">\n<figure class=\"wp-block-image size-large\"><img loading=\"lazy\" decoding=\"async\" width=\"560\" height=\"424\" data-id=\"90\" src=\"https:\/\/torce2026.fr\/wp-content\/uploads\/2025\/11\/Torce_1.jpg\" alt=\"\" class=\"wp-image-90\" srcset=\"https:\/\/torce2026.fr\/wp-content\/uploads\/2025\/11\/Torce_1.jpg 560w, https:\/\/torce2026.fr\/wp-content\/uploads\/2025\/11\/Torce_1-300x227.jpg 300w\" sizes=\"auto, (max-width: 560px) 100vw, 560px\" \/><figcaption class=\"wp-element-caption\"><br>Image Google street view<\/figcaption><\/figure>\n\n\n\n<figure class=\"wp-block-image size-large\"><img loading=\"lazy\" decoding=\"async\" width=\"576\" height=\"384\" data-id=\"91\" src=\"https:\/\/torce2026.fr\/wp-content\/uploads\/2025\/11\/Torce_2.jpg\" alt=\"\" class=\"wp-image-91\" srcset=\"https:\/\/torce2026.fr\/wp-content\/uploads\/2025\/11\/Torce_2.jpg 576w, https:\/\/torce2026.fr\/wp-content\/uploads\/2025\/11\/Torce_2-300x200.jpg 300w\" sizes=\"auto, (max-width: 576px) 100vw, 576px\" \/><figcaption class=\"wp-element-caption\"><br>mage g\u00e9n\u00e9r\u00e9e par l\u2019IA<\/figcaption><\/figure>\n<\/figure>\n\n\n\n<p>Ces deux clich\u00e9s illustrent, un, les probl\u00e8mes de fluidit\u00e9, de visibilit\u00e9 pour les usagers de la rue et deux, l\u2019\u00e9tat m\u00e9diocre des espaces pi\u00e9tonniers. La vue de l\u2019IA, n\u2019est pas un projet aboutit, mais il donne une id\u00e9e de ce qui pourrait \u00eatre envisag\u00e9 dans le cadre d\u2019un alternat r\u00e9git par des feux tricolores.<\/p>\n\n\n\n<p>L\u2019engagement dans la rue n\u2019est plus un souci, car le feu donne la priorit\u00e9. Cette configuration \u00e9vite les formations de bouchons lorsqu\u2019un v\u00e9hicule \u00e0 remorque est coinc\u00e9 au milieu de la rue ou dans le carrefour. La pr\u00e9sence des feux limite la vitesse excessive, les acc\u00e9l\u00e9rations pour passer le premier, et de fait les risques d\u2019altercations entre automobilistes. Une vitesse r\u00e9duite, du stationnement sont un plus pour le commerce et les pi\u00e9tons.<\/p>\n\n\n\n<p>Les vues ci-dessous, rappellent l\u2019obsolescence des am\u00e9nagements. Le village est fortement min\u00e9ralis\u00e9, alors que les fa\u00e7ades des maisons et de l\u2019\u00e9glise ont besoin de respirer et ne doivent pas \u00eatre rendues herm\u00e9tiques avec les enrob\u00e9s.<\/p>\n\n\n\n<figure class=\"wp-block-gallery has-nested-images columns-default is-cropped wp-block-gallery-3 is-layout-flex wp-block-gallery-is-layout-flex\">\n<figure class=\"wp-block-image size-large\"><img loading=\"lazy\" decoding=\"async\" width=\"541\" height=\"360\" data-id=\"92\" src=\"https:\/\/torce2026.fr\/wp-content\/uploads\/2025\/11\/Torce_3.jpg\" alt=\"\" class=\"wp-image-92\" srcset=\"https:\/\/torce2026.fr\/wp-content\/uploads\/2025\/11\/Torce_3.jpg 541w, https:\/\/torce2026.fr\/wp-content\/uploads\/2025\/11\/Torce_3-300x200.jpg 300w\" sizes=\"auto, (max-width: 541px) 100vw, 541px\" \/><\/figure>\n\n\n\n<figure class=\"wp-block-image size-large\"><img loading=\"lazy\" decoding=\"async\" width=\"517\" height=\"344\" data-id=\"96\" src=\"https:\/\/torce2026.fr\/wp-content\/uploads\/2025\/11\/Torce_4-1.jpg\" alt=\"\" class=\"wp-image-96\" srcset=\"https:\/\/torce2026.fr\/wp-content\/uploads\/2025\/11\/Torce_4-1.jpg 517w, https:\/\/torce2026.fr\/wp-content\/uploads\/2025\/11\/Torce_4-1-300x200.jpg 300w\" sizes=\"auto, (max-width: 517px) 100vw, 517px\" \/><\/figure>\n<\/figure>\n\n\n\n<figure class=\"wp-block-gallery has-nested-images columns-default is-cropped wp-block-gallery-4 is-layout-flex wp-block-gallery-is-layout-flex\">\n<figure class=\"wp-block-image size-large\"><img loading=\"lazy\" decoding=\"async\" width=\"541\" height=\"360\" data-id=\"94\" src=\"https:\/\/torce2026.fr\/wp-content\/uploads\/2025\/11\/Torce_5.jpg\" alt=\"\" class=\"wp-image-94\" srcset=\"https:\/\/torce2026.fr\/wp-content\/uploads\/2025\/11\/Torce_5.jpg 541w, https:\/\/torce2026.fr\/wp-content\/uploads\/2025\/11\/Torce_5-300x200.jpg 300w\" sizes=\"auto, (max-width: 541px) 100vw, 541px\" \/><\/figure>\n\n\n\n<figure class=\"wp-block-image size-large\"><img loading=\"lazy\" decoding=\"async\" width=\"523\" height=\"348\" data-id=\"95\" src=\"https:\/\/torce2026.fr\/wp-content\/uploads\/2025\/11\/Torce_6.jpg\" alt=\"\" class=\"wp-image-95\" srcset=\"https:\/\/torce2026.fr\/wp-content\/uploads\/2025\/11\/Torce_6.jpg 523w, https:\/\/torce2026.fr\/wp-content\/uploads\/2025\/11\/Torce_6-300x200.jpg 300w\" sizes=\"auto, (max-width: 523px) 100vw, 523px\" \/><\/figure>\n<\/figure>\n\n\n\n<h2 class=\"wp-block-heading is-style-text-subtitle is-style-text-subtitle--5\"><br>Exemples d\u2019am\u00e9nagements sur Saint C\u00e9lerin<\/h2>\n\n\n\n<figure class=\"wp-block-gallery has-nested-images columns-default is-cropped wp-block-gallery-6 is-layout-flex wp-block-gallery-is-layout-flex\">\n<figure class=\"wp-block-image size-large\"><img loading=\"lazy\" decoding=\"async\" width=\"551\" height=\"367\" data-id=\"88\" src=\"https:\/\/torce2026.fr\/wp-content\/uploads\/2025\/11\/Celerin_1.jpg\" alt=\"\" class=\"wp-image-88\" srcset=\"https:\/\/torce2026.fr\/wp-content\/uploads\/2025\/11\/Celerin_1.jpg 551w, https:\/\/torce2026.fr\/wp-content\/uploads\/2025\/11\/Celerin_1-300x200.jpg 300w\" sizes=\"auto, (max-width: 551px) 100vw, 551px\" \/><\/figure>\n\n\n\n<figure class=\"wp-block-image size-large\"><img loading=\"lazy\" decoding=\"async\" width=\"565\" height=\"376\" data-id=\"89\" src=\"https:\/\/torce2026.fr\/wp-content\/uploads\/2025\/11\/Celerin_2.jpg\" alt=\"\" class=\"wp-image-89\" srcset=\"https:\/\/torce2026.fr\/wp-content\/uploads\/2025\/11\/Celerin_2.jpg 565w, https:\/\/torce2026.fr\/wp-content\/uploads\/2025\/11\/Celerin_2-300x200.jpg 300w\" sizes=\"auto, (max-width: 565px) 100vw, 565px\" \/><\/figure>\n<\/figure>\n\n\n\n<h2 class=\"wp-block-heading is-style-text-subtitle is-style-text-subtitle--7\"><br>Exemples d\u2019am\u00e9nagement sur Courcemont<\/h2>\n\n\n\n<div class=\"wp-block-columns is-layout-flex wp-container-core-columns-is-layout-28f84493 wp-block-columns-is-layout-flex\">\n<div class=\"wp-block-column is-layout-flow wp-block-column-is-layout-flow\">\n<figure class=\"wp-block-image size-large\"><img loading=\"lazy\" decoding=\"async\" width=\"339\" height=\"602\" src=\"https:\/\/torce2026.fr\/wp-content\/uploads\/2025\/11\/courcemont_1.jpg\" alt=\"\" class=\"wp-image-85\" srcset=\"https:\/\/torce2026.fr\/wp-content\/uploads\/2025\/11\/courcemont_1.jpg 339w, https:\/\/torce2026.fr\/wp-content\/uploads\/2025\/11\/courcemont_1-169x300.jpg 169w\" sizes=\"auto, (max-width: 339px) 100vw, 339px\" \/><\/figure>\n<\/div>\n\n\n\n<div class=\"wp-block-column is-layout-flow wp-block-column-is-layout-flow\">\n<figure class=\"wp-block-image size-large\"><img loading=\"lazy\" decoding=\"async\" width=\"325\" height=\"578\" src=\"https:\/\/torce2026.fr\/wp-content\/uploads\/2025\/11\/courcemont_2.jpg\" alt=\"\" class=\"wp-image-86\" srcset=\"https:\/\/torce2026.fr\/wp-content\/uploads\/2025\/11\/courcemont_2.jpg 325w, https:\/\/torce2026.fr\/wp-content\/uploads\/2025\/11\/courcemont_2-169x300.jpg 169w\" sizes=\"auto, (max-width: 325px) 100vw, 325px\" \/><\/figure>\n<\/div>\n\n\n\n<div class=\"wp-block-column is-layout-flow wp-block-column-is-layout-flow\">\n<figure class=\"wp-block-image size-full\"><img loading=\"lazy\" decoding=\"async\" width=\"323\" height=\"574\" src=\"https:\/\/torce2026.fr\/wp-content\/uploads\/2025\/11\/courcemont_3.jpg\" alt=\"\" class=\"wp-image-87\" srcset=\"https:\/\/torce2026.fr\/wp-content\/uploads\/2025\/11\/courcemont_3.jpg 323w, https:\/\/torce2026.fr\/wp-content\/uploads\/2025\/11\/courcemont_3-169x300.jpg 169w\" sizes=\"auto, (max-width: 323px) 100vw, 323px\" \/><\/figure>\n<\/div>\n<\/div>\n\n\n\n<p><\/p>\n","protected":false},"excerpt":{"rendered":"<p>Deux questions \u00e9pineuses en mati\u00e8re de voirie \u00e0 torc\u00e9 en Vall\u00e9e&nbsp;: Le sujet est tellement br\u00fblant que finalement tout le monde se refile la patate chaude et rien n\u2019est fait. Clairement la situation n\u2019est pas satisfaisante et cela pour tous les usagers, habitants de Torc\u00e9 ou non. Or le mois de novembre 2025 a peut-\u00eatre [&hellip;]<\/p>\n","protected":false},"author":1,"featured_media":0,"parent":0,"menu_order":0,"comment_status":"closed","ping_status":"closed","template":"","meta":{"footnotes":""},"class_list":["post-81","page","type-page","status-publish","hentry"],"_links":{"self":[{"href":"https:\/\/torce2026.fr\/index.php?rest_route=\/wp\/v2\/pages\/81","targetHints":{"allow":["GET"]}}],"collection":[{"href":"https:\/\/torce2026.fr\/index.php?rest_route=\/wp\/v2\/pages"}],"about":[{"href":"https:\/\/torce2026.fr\/index.php?rest_route=\/wp\/v2\/types\/page"}],"author":[{"embeddable":true,"href":"https:\/\/torce2026.fr\/index.php?rest_route=\/wp\/v2\/users\/1"}],"replies":[{"embeddable":true,"href":"https:\/\/torce2026.fr\/index.php?rest_route=%2Fwp%2Fv2%2Fcomments&post=81"}],"version-history":[{"count":3,"href":"https:\/\/torce2026.fr\/index.php?rest_route=\/wp\/v2\/pages\/81\/revisions"}],"predecessor-version":[{"id":114,"href":"https:\/\/torce2026.fr\/index.php?rest_route=\/wp\/v2\/pages\/81\/revisions\/114"}],"wp:attachment":[{"href":"https:\/\/torce2026.fr\/index.php?rest_route=%2Fwp%2Fv2%2Fmedia&parent=81"}],"curies":[{"name":"wp","href":"https:\/\/api.w.org\/{rel}","templated":true}]}}