{"id":78,"date":"2025-11-25T19:23:28","date_gmt":"2025-11-25T18:23:28","guid":{"rendered":"https:\/\/torce2026.fr\/?page_id=78"},"modified":"2026-01-18T22:31:24","modified_gmt":"2026-01-18T21:31:24","slug":"leau-une-denree-precieuse-a-proteger","status":"publish","type":"page","link":"https:\/\/torce2026.fr\/?page_id=78","title":{"rendered":"Assainissement"},"content":{"rendered":"<div class=\"wp-block-post-date\"><time datetime=\"2025-11-25T19:23:28+01:00\">25\/11\/2025<\/time><\/div>\n\n\n<h2 class=\"wp-block-heading\">L\u2019eau, une denr\u00e9e pr\u00e9cieuse \u00e0 prot\u00e9ger<\/h2>\n\n\n\n<p><strong>La commune de Torc\u00e9 utilise un assainissement collectif, reposant notamment sur trois lagunes aujourd\u2019hui fortement d\u00e9grad\u00e9es.<br>Le syst\u00e8me de lagunage arrive \u00e0 saturation et n\u00e9cessite une r\u00e9vision compl\u00e8te, avec un projet de nouvelles lagunes estim\u00e9 \u00e0 750 000 \u20ac.<br>Le manque d\u2019anticipation budg\u00e9taire pourrait entra\u00eener une forte hausse de la taxe d\u2019assainissement pour les usagers.<br>Nous regrettons l\u2019absence d\u2019\u00e9tude alternatives, comme la r\u00e9novation des lagunes existantes, qui n\u2019est pas \u00e0 exclure.<\/strong><\/p>\n\n\n\n<figure class=\"wp-block-image size-full\"><img loading=\"lazy\" decoding=\"async\" width=\"720\" height=\"480\" src=\"https:\/\/torce2026.fr\/wp-content\/uploads\/2025\/11\/vive_parence.png\" alt=\"\" class=\"wp-image-79\" srcset=\"https:\/\/torce2026.fr\/wp-content\/uploads\/2025\/11\/vive_parence.png 720w, https:\/\/torce2026.fr\/wp-content\/uploads\/2025\/11\/vive_parence-300x200.png 300w\" sizes=\"auto, (max-width: 720px) 100vw, 720px\" \/><\/figure>\n\n\n\n<p>La commune de Torc\u00e9 en vall\u00e9e, recense deux types d\u2019assainissements concernant le rejet des eaux us\u00e9es\u00a0:<\/p>\n\n\n\n<ul class=\"wp-block-list\">\n<li>L\u2019assainissement individuel par fosse toutes eaux, microstations, ou plantations filtrantes.<\/li>\n\n\n\n<li>L\u2019assainissement collectif&nbsp;qui recueille les eaux us\u00e9es des maisons plut\u00f4t situ\u00e9es dans le bourg ou en lotissement. La commune a fait le choix, il y a une trentaine d\u2019ann\u00e9es de construire 3 lagunes, visibles aujourd\u2019hui depuis le chemin p\u00e9destre de contournement du village.<\/li>\n<\/ul>\n\n\n\n<p>Ces installations lorsqu\u2019elles sont normalis\u00e9es et entretenues permettent une \u00e9puration de l\u2019eau avant rejet dans le milieu naturel.<\/p>\n\n\n\n<p>La question de l\u2019assainissement individuel rel\u00e8ve du SPANC, et est donc une comp\u00e9tence intercommunale. Le co\u00fbt de cet assainissement est support\u00e9 par les propri\u00e9taires. Ils sont exon\u00e9r\u00e9s de la taxe assainissement sur leur facture d\u2019eau.<\/p>\n\n\n\n<p>Pour le collectif, la comp\u00e9tence est communale avec un budget assainissement tenu \u00e0 part des budgets de fonctionnement et d\u2019investissement, car seuls les propri\u00e9taires reli\u00e9s au collectif sont assujettis \u00e0 la taxe assainissement. Un budget de fonctionnement et d\u2019investissement assainissement est donc charg\u00e9 des recettes et des d\u00e9penses.<\/p>\n\n\n\n<p>Au cours de l\u2019ann\u00e9e, la commune proc\u00e8de \u00e0 des pr\u00e9l\u00e8vements r\u00e9guliers des rejets et est surveill\u00e9e par l\u2019Agence de l\u2019eau. Il s\u2019av\u00e8re que le syst\u00e8me de lagunage est aujourd\u2019hui au bord de la rupture car l\u2019\u00e9rosion et le manque d\u2019entretien, obligent la commune \u00e0 envisager la r\u00e9vision compl\u00e8te du lagunage.<\/p>\n\n\n\n<p>A l\u2019heure actuelle, l\u2019\u00e9quipe en place s\u2019oriente vers la construction de nouvelles lagunes, avec un montant estim\u00e9 \u00e0 environ 750 K\u20ac, hors aide de l\u2019Etat. Le hic, c\u2019est le manque d\u2019anticipation du budget assainissement qui \u00e0 en croire la majorit\u00e9 actuelle devrait pour faire face \u00e0 la nouvelle d\u00e9pense voir la taxe assainissement augmenter d\u2019\u00e0 minima de 20%\/an et \u00e0 terme doubler, afin de faire face aux nouveaux investissements.<\/p>\n\n\n\n<p>Ce qui nous \u00e9tonne, c\u2019est ce manque d\u2019anticipation par la mairie et par les personnes charg\u00e9es de ces dossiers depuis plusieurs ann\u00e9es. La d\u00e9gradation de la lagune est connue mais est rest\u00e9e comme un tabou dans les projets. Il est vrai que ce n\u2019est gu\u00e8re visible dans les r\u00e9alisations.<\/p>\n\n\n\n<p><a><\/a> J\u2019ai soumis l\u2019id\u00e9e que soit quand m\u00eame \u00e9tudi\u00e9 une r\u00e9novation des lagunes par palplanche, mais ma demande est rest\u00e9e sans suite. Peut-\u00eatre que le neuf est int\u00e9ressant mais il faut cependant \u00e9tudier toutes les pistes. Affaire \u00e0 suivre.<\/p>\n","protected":false},"excerpt":{"rendered":"<p>L\u2019eau, une denr\u00e9e pr\u00e9cieuse \u00e0 prot\u00e9ger La commune de Torc\u00e9 utilise un assainissement collectif, reposant notamment sur trois lagunes aujourd\u2019hui fortement d\u00e9grad\u00e9es.Le syst\u00e8me de lagunage arrive \u00e0 saturation et n\u00e9cessite une r\u00e9vision compl\u00e8te, avec un projet de nouvelles lagunes estim\u00e9 \u00e0 750 000 \u20ac.Le manque d\u2019anticipation budg\u00e9taire pourrait entra\u00eener une forte hausse de la taxe [&hellip;]<\/p>\n","protected":false},"author":1,"featured_media":0,"parent":0,"menu_order":0,"comment_status":"closed","ping_status":"closed","template":"","meta":{"footnotes":""},"class_list":["post-78","page","type-page","status-publish","hentry"],"_links":{"self":[{"href":"https:\/\/torce2026.fr\/index.php?rest_route=\/wp\/v2\/pages\/78","targetHints":{"allow":["GET"]}}],"collection":[{"href":"https:\/\/torce2026.fr\/index.php?rest_route=\/wp\/v2\/pages"}],"about":[{"href":"https:\/\/torce2026.fr\/index.php?rest_route=\/wp\/v2\/types\/page"}],"author":[{"embeddable":true,"href":"https:\/\/torce2026.fr\/index.php?rest_route=\/wp\/v2\/users\/1"}],"replies":[{"embeddable":true,"href":"https:\/\/torce2026.fr\/index.php?rest_route=%2Fwp%2Fv2%2Fcomments&post=78"}],"version-history":[{"count":7,"href":"https:\/\/torce2026.fr\/index.php?rest_route=\/wp\/v2\/pages\/78\/revisions"}],"predecessor-version":[{"id":215,"href":"https:\/\/torce2026.fr\/index.php?rest_route=\/wp\/v2\/pages\/78\/revisions\/215"}],"wp:attachment":[{"href":"https:\/\/torce2026.fr\/index.php?rest_route=%2Fwp%2Fv2%2Fmedia&parent=78"}],"curies":[{"name":"wp","href":"https:\/\/api.w.org\/{rel}","templated":true}]}}