{"id":38,"date":"2025-11-16T18:21:52","date_gmt":"2025-11-16T17:21:52","guid":{"rendered":"http:\/\/torce2026.fr\/?page_id=38"},"modified":"2026-02-10T08:12:19","modified_gmt":"2026-02-10T07:12:19","slug":"patrimoine-immobilier-communal","status":"publish","type":"page","link":"https:\/\/torce2026.fr\/?page_id=38","title":{"rendered":"Patrimoine immobilier communal"},"content":{"rendered":"<div class=\"wp-block-post-date\"><time datetime=\"2025-11-16T18:21:52+01:00\">16\/11\/2025<\/time><\/div>\n\n\n<div class=\"wp-block-group is-nowrap is-layout-flex wp-container-core-group-is-layout-6c531013 wp-block-group-is-layout-flex\">\n<p><br> <strong>L\u2019\u00e9glise, l\u2019ancienne Poste et le presbyt\u00e8re pr\u00e9sentent d\u2019importants probl\u00e8mes structurels n\u00e9cessitant une r\u00e9novation urgente. Si l\u2019\u00e9glise doit conserver sa vocation cultuelle et patrimoniale, l\u2019ancienne Poste et le presbyt\u00e8re pourraient accueillir des projets mixtes m\u00ealants salles associatives et logements. Ces r\u00e9novations, soutenues par divers partenaires, offriraient un c\u0153ur de bourg revitalis\u00e9, de nouveaux services et une dynamique renforc\u00e9e pour la vie locale.<\/strong><\/p>\n<\/div>\n\n\n\n<figure class=\"wp-block-image size-medium is-resized\"><img loading=\"lazy\" decoding=\"async\" width=\"300\" height=\"200\" src=\"http:\/\/torce2026.fr\/wp-content\/uploads\/2025\/11\/DSC_3004-300x200.jpg\" alt=\"\" class=\"wp-image-39\" style=\"width:418px;height:auto\" srcset=\"https:\/\/torce2026.fr\/wp-content\/uploads\/2025\/11\/DSC_3004-300x200.jpg 300w, https:\/\/torce2026.fr\/wp-content\/uploads\/2025\/11\/DSC_3004-1024x681.jpg 1024w, https:\/\/torce2026.fr\/wp-content\/uploads\/2025\/11\/DSC_3004-768x511.jpg 768w, https:\/\/torce2026.fr\/wp-content\/uploads\/2025\/11\/DSC_3004-1536x1022.jpg 1536w, https:\/\/torce2026.fr\/wp-content\/uploads\/2025\/11\/DSC_3004-2048x1363.jpg 2048w\" sizes=\"auto, (max-width: 300px) 100vw, 300px\" \/><\/figure>\n\n\n\n<h2 class=\"wp-block-heading\">Constats&nbsp;:<\/h2>\n\n\n\n<p>L\u2019ancienne Poste, l\u2019\u00e9glise et l\u2019ancien presbyt\u00e8re, font l\u2019objet depuis octobre 2025 d\u2019un projet de diagnostic men\u00e9 par un architecte afin d\u2019identifier dans un premier temps les d\u00e9sordres, puis les travaux n\u00e9cessaires \u00e0 leur r\u00e9paration structurelle.<\/p>\n\n\n\n<p>L\u2019\u00e9glise n\u2019est plus tout \u00e0 fait hors d\u2019eau puisque des coul\u00e9es visibles ont eu lieu \u00e0 l\u2019int\u00e9rieur et que la toiture donne de s\u00e9rieux signes de fatigue.<\/p>\n\n\n\n<p>Pour le Presbyt\u00e8re, un mur int\u00e9rieur s\u2019affaisse et est depuis 2025 \u00e9tay\u00e9 afin de soutenir les \u00e9tages sup\u00e9rieurs.<\/p>\n\n\n\n<p>L\u2019ancienne Poste, \u00e0 la fa\u00e7ade int\u00e9ressante puisque ornement\u00e9e d\u2019un cartouche aux lettres des anciennes Postes et T\u00e9l\u00e9communications est \u00e9galement dans une situation critique au niveau toiture et n\u00e9cessitera une r\u00e9novation compl\u00e8te.<\/p>\n\n\n\n<figure class=\"wp-block-image size-large\"><img loading=\"lazy\" decoding=\"async\" width=\"1024\" height=\"681\" src=\"http:\/\/torce2026.fr\/wp-content\/uploads\/2025\/11\/DSC_3039-1024x681.jpg\" alt=\"\" class=\"wp-image-40\" srcset=\"https:\/\/torce2026.fr\/wp-content\/uploads\/2025\/11\/DSC_3039-1024x681.jpg 1024w, https:\/\/torce2026.fr\/wp-content\/uploads\/2025\/11\/DSC_3039-300x200.jpg 300w, https:\/\/torce2026.fr\/wp-content\/uploads\/2025\/11\/DSC_3039-768x511.jpg 768w, https:\/\/torce2026.fr\/wp-content\/uploads\/2025\/11\/DSC_3039-1536x1022.jpg 1536w, https:\/\/torce2026.fr\/wp-content\/uploads\/2025\/11\/DSC_3039-2048x1363.jpg 2048w\" sizes=\"auto, (max-width: 1024px) 100vw, 1024px\" \/><\/figure>\n\n\n\n<h2 class=\"wp-block-heading\">R\u00e9nover, restaurer, r\u00e9habiliter, oui mais dans quel but&nbsp;?<\/h2>\n\n\n\n<p>Si la destination de l\u2019\u00e9glise restera sans aucun doute inchang\u00e9e apr\u00e8s restauration, elle est un monument historique incontournable dans la commune. Peut-\u00eatre, sans fausse modestie, une des plus belles \u00e9glises du d\u00e9partement, avec une acoustique remarquable. Sa mise en valeur peut \u00eatre accompagn\u00e9e par la DRAC et autres fondations afin d\u2019en faire un lieu culturel actif, dans le respect de son caract\u00e8re sacr\u00e9.<\/p>\n\n\n\n<h2 class=\"wp-block-heading\">Quid de l\u2019ancienne Poste&nbsp;et de l\u2019ancien presbyt\u00e8re ? Privil\u00e9gier des projets mixtes pour amortir les investissements<\/h2>\n\n\n\n<figure class=\"wp-block-image size-large\"><img loading=\"lazy\" decoding=\"async\" width=\"1024\" height=\"681\" src=\"http:\/\/torce2026.fr\/wp-content\/uploads\/2025\/11\/DSC_3047-1024x681.jpg\" alt=\"\" class=\"wp-image-41\" srcset=\"https:\/\/torce2026.fr\/wp-content\/uploads\/2025\/11\/DSC_3047-1024x681.jpg 1024w, https:\/\/torce2026.fr\/wp-content\/uploads\/2025\/11\/DSC_3047-300x200.jpg 300w, https:\/\/torce2026.fr\/wp-content\/uploads\/2025\/11\/DSC_3047-768x511.jpg 768w, https:\/\/torce2026.fr\/wp-content\/uploads\/2025\/11\/DSC_3047-1536x1022.jpg 1536w, https:\/\/torce2026.fr\/wp-content\/uploads\/2025\/11\/DSC_3047-2048x1363.jpg 2048w\" sizes=\"auto, (max-width: 1024px) 100vw, 1024px\" \/><\/figure>\n\n\n\n<p>A ce jour un projet timide de r\u00e9novation de l\u2019ancienne poste est envisag\u00e9 pour en refaire un espace locatif, alors que des besoins en mati\u00e8re de salles de r\u00e9unions et d\u2019activit\u00e9s se font sentir par les associations.<\/p>\n\n\n\n<p>Bien pens\u00e9e, la r\u00e9novation de l\u2019ancienne Poste pourrait \u00eatre utile aux associations locales en rez-de-chauss\u00e9e pour des salles de r\u00e9union ou d\u2019activit\u00e9s et r\u00e9server un logement \u00e0 l\u2019\u00e9tage.<\/p>\n\n\n\n<p>D\u2019autres acteurs locaux comme le centre social LARES pourraient utiliser la salle temporairement pour des services \u00e0 la population.<\/p>\n\n\n\n<p>Quant \u00e0 l\u2019ancien presbyt\u00e8re, nous sommes l\u00e0, face \u00e0 des travaux d\u2019envergure, et une profonde r\u00e9flexion devrait \u00eatre men\u00e9e avant toute chose.<\/p>\n\n\n\n<p>Il faut \u00e9galement \u00e9tudier un projet mixte. Une salle en rez-de-chauss\u00e9e permettrait de pratiquer des petites activit\u00e9s en journ\u00e9e (G\u00e9n\u00e9ration mouvement) et le reste du b\u00e2timent serait r\u00e9habilit\u00e9 pour du logement \u00e0 destination de jeunes (studios en sous pentes), d\u2019une ou deux familles (\u00e9tage) et pour du public \u00e0 mobilit\u00e9 r\u00e9duite ou vieillissant en rez-de-chauss\u00e9e.<\/p>\n\n\n\n<p>Ces projets respecteraient de surcroit la volont\u00e9 du donateur, \u00e0 savoir le CCAS qui souhaitait faire don du Presbyt\u00e8re \u00e0 la commune en contre partie d\u2019actions \u00e0 vocations sociales.<\/p>\n\n\n\n<p>La taille du b\u00e2timent ne doit surtout pas \u00eatre sous-exploit\u00e9e, d\u2019autant que certaines instances peuvent venir en compl\u00e9mentarit\u00e9 sur un projet de collectif (D\u00e9partement, R\u00e9gion, la DREAL, Bailleurs sociaux comme Sarthe Habitat..) et innovant dans sa polyvalence.<\/p>\n\n\n\n<p>Ce type de projet peut s\u2019int\u00e9grer dans le cadre d\u2019un projet de revitalisation du territoire et donc mobiliser des fonds europ\u00e9ens.<\/p>\n\n\n\n<p>Globalement, la commune sur des travaux de cette nature b\u00e9n\u00e9ficie&nbsp;:<\/p>\n\n\n\n<ul class=\"wp-block-list\">\n<li>D\u2019un b\u00e2ti r\u00e9habilit\u00e9 en c\u0153ur de bourg, dont une \u00e9glise qui doit obtenir un statut de reconnaissance d\u00e9partementale, voire r\u00e9gionale<\/li>\n\n\n\n<li>D\u2019une ou deux salles d\u2019activit\u00e9 r\u00e9nov\u00e9es avec des tailles adapt\u00e9es aux besoins des associations<\/li>\n\n\n\n<li>De logements locatifs, accompagn\u00e9s de nouveaux habitants<\/li>\n\n\n\n<li>D\u2019une dynamique de vie au centre du village plut\u00f4t qu\u2019\u00e0 la salle C\u00e9res.<\/li>\n<\/ul>\n\n\n\n<p>Enfin, c\u2019est autant de potentialit\u00e9s pour les commerces du village et l\u2019animation locale.<\/p>\n\n\n\n<p>Pour en parler: <a href=\"mailto:contact@torce2026.fr\"><strong>contact@torce2026.fr<\/strong><\/a><\/p>\n\n\n\n<p><\/p>\n","protected":false},"excerpt":{"rendered":"<p>L\u2019\u00e9glise, l\u2019ancienne Poste et le presbyt\u00e8re pr\u00e9sentent d\u2019importants probl\u00e8mes structurels n\u00e9cessitant une r\u00e9novation urgente. Si l\u2019\u00e9glise doit conserver sa vocation cultuelle et patrimoniale, l\u2019ancienne Poste et le presbyt\u00e8re pourraient accueillir des projets mixtes m\u00ealants salles associatives et logements. Ces r\u00e9novations, soutenues par divers partenaires, offriraient un c\u0153ur de bourg revitalis\u00e9, de nouveaux services et une [&hellip;]<\/p>\n","protected":false},"author":1,"featured_media":0,"parent":0,"menu_order":0,"comment_status":"closed","ping_status":"closed","template":"","meta":{"footnotes":""},"class_list":["post-38","page","type-page","status-publish","hentry"],"_links":{"self":[{"href":"https:\/\/torce2026.fr\/index.php?rest_route=\/wp\/v2\/pages\/38","targetHints":{"allow":["GET"]}}],"collection":[{"href":"https:\/\/torce2026.fr\/index.php?rest_route=\/wp\/v2\/pages"}],"about":[{"href":"https:\/\/torce2026.fr\/index.php?rest_route=\/wp\/v2\/types\/page"}],"author":[{"embeddable":true,"href":"https:\/\/torce2026.fr\/index.php?rest_route=\/wp\/v2\/users\/1"}],"replies":[{"embeddable":true,"href":"https:\/\/torce2026.fr\/index.php?rest_route=%2Fwp%2Fv2%2Fcomments&post=38"}],"version-history":[{"count":7,"href":"https:\/\/torce2026.fr\/index.php?rest_route=\/wp\/v2\/pages\/38\/revisions"}],"predecessor-version":[{"id":220,"href":"https:\/\/torce2026.fr\/index.php?rest_route=\/wp\/v2\/pages\/38\/revisions\/220"}],"wp:attachment":[{"href":"https:\/\/torce2026.fr\/index.php?rest_route=%2Fwp%2Fv2%2Fmedia&parent=38"}],"curies":[{"name":"wp","href":"https:\/\/api.w.org\/{rel}","templated":true}]}}