{"id":152,"date":"2026-01-26T20:46:04","date_gmt":"2026-01-26T19:46:04","guid":{"rendered":"https:\/\/torce2026.fr\/?page_id=152"},"modified":"2026-01-26T20:46:04","modified_gmt":"2026-01-26T19:46:04","slug":"ramassage-traitement-et-prix-des-ordures-menageres-vers-une-impasse-totale","status":"publish","type":"page","link":"https:\/\/torce2026.fr\/?page_id=152","title":{"rendered":"Ramassage, traitement et prix des ordures m\u00e9nag\u00e8res\u00a0: vers une impasse totale\u00a0?"},"content":{"rendered":"\n<p>26 janvier 2026<\/p>\n\n\n\n<p>En 2022, 298&nbsp;Mt de d\u00e9chets ont \u00e9t\u00e9 trait\u00e9es en France par le Service Public de Gestion des D\u00e9chets ou par des acteurs priv\u00e9s.<\/p>\n\n\n\n<p>Comment ces d\u00e9chets sont-ils trait\u00e9s&nbsp;? Quelles sont les \u00e9volutions des modes de traitement&nbsp;? Comment traiter ces d\u00e9chets de mani\u00e8re responsable&nbsp;?<\/p>\n\n\n\n<p>Il existe deux types de traitement pour ces d\u00e9chets&nbsp;:<\/p>\n\n\n\n<p class=\"is-style-text-subtitle is-style-text-subtitle--1\"><strong>Phase I \u2013 D\u00e9chets non-recyclable&nbsp;: Mise en d\u00e9charge<\/strong><\/p>\n\n\n\n<ul class=\"wp-block-list\">\n<li><strong>L\u2019incin\u00e9ration<\/strong>, avec ou sans r\u00e9cup\u00e9ration d\u2019\u00e9nergie gr\u00e2ce \u00e0 la chaleur cr\u00e9\u00e9e, repr\u00e9sentant <strong>9\u00a0% des d\u00e9chets<\/strong><\/li>\n\n\n\n<li><strong>Le stockage<\/strong>, la mise en d\u00e9charge dans des installations d\u00e9di\u00e9es, repr\u00e9sentant <strong>20\u00a0% des d\u00e9chets<\/strong><\/li>\n\n\n\n<li><strong>Le remblayage<\/strong>, consistant \u00e0 stabiliser les sols, qui repr\u00e9sente <strong>19\u00a0% des d\u00e9chets<\/strong>, uniquement des d\u00e9chets min\u00e9raux<\/li>\n<\/ul>\n\n\n\n<p class=\"is-style-text-subtitle is-style-text-subtitle--2\"><strong>Phase II &#8211; Recyclage<\/strong><\/p>\n\n\n\n<ul class=\"wp-block-list\">\n<li><strong>Le recyclage<\/strong>, pouvant prendre diff\u00e9rentes formes repr\u00e9sente <strong>52\u00a0% du traitement,<\/strong> tous d\u00e9chets confondus. Mais<strong>, 1\/3 des d\u00e9chets recycl\u00e9s finiront selon la phase I, c\u2019est-\u00e0-dire, mis en d\u00e9charge.\u00a0\u00bb<\/strong><\/li>\n<\/ul>\n\n\n\n<p class=\"has-text-align-right has-small-font-size\"><em>Source\u00a0: ADEME<\/em><\/p>\n\n\n\n<p class=\"is-style-text-subtitle is-style-text-subtitle--3\"><strong>R\u00e9duire les ordures m\u00e9nag\u00e8res, un d\u00e9fi pour l\u2019avenir<\/strong><\/p>\n\n\n\n<p><strong>Les volumes, les co\u00fbts de traitement, les taxes et donc le prix des ordures m\u00e9nag\u00e8res a fortement augment\u00e9.<\/strong> Malheureusement ce n\u2019est pas fini, sauf si les volumes, le poids, les modes de ramassages, les points de collectes venaient \u00e0 \u00e9voluer.<\/p>\n\n\n\n<p>Depuis plus de vingt ans le tri s\u00e9lectif est en place mais le co\u00fbt et donc le prix des ordures m\u00e9nag\u00e8res augmente malgr\u00e9 tout. Le tri ne rime pas avec une baisse des prix, d\u2019autant que les volumes totaux augmentent encore.<\/p>\n\n\n\n<p>Les informations suivantes (sch\u00e9mas) sont extraites du rapport annuel du SYVALORM pour l\u2019ann\u00e9e 2024&nbsp;:<\/p>\n\n\n\n<p class=\"has-accent-4-color has-text-color has-link-color wp-elements-7f4e98dfcbec978883c0a3a268cb4e6b\"><strong><em>Le saviez-vous\u00a0? Le SYVALORM, c\u2019est en 2024 16\u00a0700 tonnes de d\u00e9chets collect\u00e9s en porte \u00e0 porte<\/em><\/strong><\/p>\n\n\n\n<figure class=\"wp-block-image size-full\"><img loading=\"lazy\" decoding=\"async\" width=\"958\" height=\"453\" src=\"https:\/\/torce2026.fr\/wp-content\/uploads\/2026\/01\/Syvalorm-2024.jpg\" alt=\"\" class=\"wp-image-153\" srcset=\"https:\/\/torce2026.fr\/wp-content\/uploads\/2026\/01\/Syvalorm-2024.jpg 958w, https:\/\/torce2026.fr\/wp-content\/uploads\/2026\/01\/Syvalorm-2024-300x142.jpg 300w, https:\/\/torce2026.fr\/wp-content\/uploads\/2026\/01\/Syvalorm-2024-768x363.jpg 768w\" sizes=\"auto, (max-width: 958px) 100vw, 958px\" \/><\/figure>\n\n\n\n<p><strong>Sur l\u2019ensemble des tonnages collect\u00e9s \u00e0 domicile, le tri s\u00e9lectif repr\u00e9sente 25 % de l\u2019ensemble.<\/strong><\/p>\n\n\n\n<p>Or sur la quantit\u00e9 tri\u00e9e destin\u00e9e au recyclage, il reste encore une partie trop importante qui finira en enfouissement ou en incin\u00e9ration, faute d\u2019un tri suffisamment s\u00e9rieux \u00e0 domicile, faute de fili\u00e8res en aval du recyclage ou faute \u00e0 des co\u00fbts de traitement trop \u00e9lev\u00e9s.<\/p>\n\n\n\n<p><strong>Il faut continuer \u00e0 encourager le tri,<\/strong> mais \u00e9galement <strong>encourager la diminution de l\u2019ensemble des tonnages<\/strong>.<\/p>\n\n\n\n<figure class=\"wp-block-image size-full\"><img loading=\"lazy\" decoding=\"async\" width=\"737\" height=\"307\" src=\"https:\/\/torce2026.fr\/wp-content\/uploads\/2026\/01\/Collectes-syvalorm-2024.jpg\" alt=\"\" class=\"wp-image-154\" srcset=\"https:\/\/torce2026.fr\/wp-content\/uploads\/2026\/01\/Collectes-syvalorm-2024.jpg 737w, https:\/\/torce2026.fr\/wp-content\/uploads\/2026\/01\/Collectes-syvalorm-2024-300x125.jpg 300w\" sizes=\"auto, (max-width: 737px) 100vw, 737px\" \/><\/figure>\n\n\n\n<p><strong>Des chiffres de collectes \u00e0 la fois encourageants et d\u00e9cevants&nbsp;:<\/strong><\/p>\n\n\n\n<p>La baisse du tonnage des ordures m\u00e9nag\u00e8res sur le territoire du SYVALORM est de quasi 5% entre 2023 et 2024. Cependant, les tonnages augmentent de 9% en d\u00e9chetterie.<\/p>\n\n\n\n<p><strong>Le tri, c\u2019est mieux \u00e9videmment, mais le r\u00e9sultat reste une hausse des tonnages globaux.<\/strong><\/p>\n\n\n\n<p><strong>Pour rappel&nbsp;:<\/strong><\/p>\n\n\n\n<p><strong>Les cendres et mati\u00e8res dangereuses concentr\u00e9es apr\u00e8s incin\u00e9rations seront enfouies dans un centre agr\u00e9\u00e9.<\/strong> <strong>Or personne ne souhaite avoir un centre d\u2019enfouissement pr\u00e8s de chez soi.<\/strong><\/p>\n\n\n\n<figure class=\"wp-block-image size-full\"><img loading=\"lazy\" decoding=\"async\" width=\"765\" height=\"457\" src=\"https:\/\/torce2026.fr\/wp-content\/uploads\/2026\/01\/Ratio-OM-par-habitant-2024.jpg\" alt=\"\" class=\"wp-image-155\" srcset=\"https:\/\/torce2026.fr\/wp-content\/uploads\/2026\/01\/Ratio-OM-par-habitant-2024.jpg 765w, https:\/\/torce2026.fr\/wp-content\/uploads\/2026\/01\/Ratio-OM-par-habitant-2024-300x179.jpg 300w\" sizes=\"auto, (max-width: 765px) 100vw, 765px\" \/><\/figure>\n\n\n\n<p><\/p>\n\n\n\n<p class=\"has-accent-1-background-color has-background\">Ce qu\u2019il faut retenir\u00a0:<br><strong>Nous avons produit en moyenne en 2024\u00a0: 543 kg de d\u00e9chet par habitant. On observe une hausse de 4.61 % entre 2023 et 2024.<\/strong><\/p>\n\n\n\n<p>Il faut donc r\u00e9duire drastiquement et collectivement notre production de d\u00e9chets, peut-\u00eatre revoir notre collecte individuelle et peser dans les orientations du SYVALORM.<\/p>\n\n\n\n<p><strong>Que peut faire une nouvelle \u00e9quipe municipale&nbsp;?<\/strong><\/p>\n\n\n\n<ul class=\"wp-block-list\">\n<li>D\u2019abord, <strong>s\u2019interroger sur la strat\u00e9gie du ramassage des ordures m\u00e9nag\u00e8res et du tri s\u00e9lectif<\/strong> dont l\u2019efficience interroge tous les contribuables.<\/li>\n\n\n\n<li>Insister sur une communication pour la baisse des volumes et du poids global des ordures m\u00e9nag\u00e8res. Demander au SYVALORM de <strong>cr\u00e9er des challenges intercommunaux pour r\u00e9compenser les contribuables consciencieux.<\/strong><\/li>\n\n\n\n<li>R\u00e9fl\u00e9chir sur les lev\u00e9es car <strong>les efforts des citoyens ne sont pas suffisamment r\u00e9compens\u00e9s<\/strong>. Le co\u00fbt \u00e0 la lev\u00e9e am\u00e8ne parfois des d\u00e9rives et des comportements inappropri\u00e9s avec des d\u00e9p\u00f4ts sauvages constat\u00e9s sur la commune. Il faut <strong>sanctionner s\u00e9v\u00e8rement ces d\u00e9rives<\/strong> qui de plus sont tr\u00e8s co\u00fbteuses pour les collectivit\u00e9s.<\/li>\n\n\n\n<li><strong>Accompagner les gros producteurs de d\u00e9chets plut\u00f4t que de les stigmatiser<\/strong>. R\u00e9fl\u00e9chir ensemble aux probl\u00e8mes li\u00e9s aux collectes et aux traitements, pour trouver des solutions b\u00e9n\u00e9fiques \u00e0 tous les acteurs du territoire.<\/li>\n\n\n\n<li>Enfin, <strong>revoir le sch\u00e9ma global du traitement des d\u00e9chets pour comprendre et stabiliser les co\u00fbts.<\/strong><\/li>\n<\/ul>\n\n\n\n<p><strong>Sur l\u2019ensemble de ces lignes, seule une politique influente au sein de la communaut\u00e9 de communes et donc au sein du SYVALORM peut donner une inflexion \u00e0 la politique de ramassage et de traitement des d\u00e9chets.<\/strong><\/p>\n\n\n\n<p>La liste \u00ab&nbsp;<strong>Torc\u00e9, une campagne \u00e0 vivre&nbsp;\u00bb<\/strong> reste tr\u00e8s sensible \u00e0 la question des d\u00e9chets. Il faut prendre conscience que cette question ne peut plus \u00eatre \u00e9lud\u00e9e, renvoy\u00e9e \u00e0 la seule r\u00e9ponse de la mise en d\u00e9charge. Il faut mettre en place des tables rondes, des assisses au niveau local pour orienter et d\u00e9cider de mesures efficaces qui engagent l\u2019avenir.<\/p>\n\n\n\n<p><strong>Comment parler de baisse de prix quand les tonnages par habitants continuent d\u2019augmenter et que les d\u00e9l\u00e9gations de services publics ont justement besoin de justifier leurs prix par la collecte et le traitement de plus de tonnages&nbsp;?<\/strong><\/p>\n\n\n\n<figure class=\"wp-block-image size-full\"><img loading=\"lazy\" decoding=\"async\" width=\"746\" height=\"463\" src=\"https:\/\/torce2026.fr\/wp-content\/uploads\/2026\/01\/Syvalorm-tonnage-dechetterie.jpg\" alt=\"\" class=\"wp-image-156\" srcset=\"https:\/\/torce2026.fr\/wp-content\/uploads\/2026\/01\/Syvalorm-tonnage-dechetterie.jpg 746w, https:\/\/torce2026.fr\/wp-content\/uploads\/2026\/01\/Syvalorm-tonnage-dechetterie-300x186.jpg 300w\" sizes=\"auto, (max-width: 746px) 100vw, 746px\" \/><\/figure>\n\n\n\n<p><br>Ci-dessous, extrait du rapport financier du SYVALORM sur la p\u00e9riode 2024.<\/p>\n\n\n\n<figure class=\"wp-block-image size-full\"><img loading=\"lazy\" decoding=\"async\" width=\"722\" height=\"524\" src=\"https:\/\/torce2026.fr\/wp-content\/uploads\/2026\/01\/Indicateurs-financiers.jpg\" alt=\"\" class=\"wp-image-157\" srcset=\"https:\/\/torce2026.fr\/wp-content\/uploads\/2026\/01\/Indicateurs-financiers.jpg 722w, https:\/\/torce2026.fr\/wp-content\/uploads\/2026\/01\/Indicateurs-financiers-300x218.jpg 300w\" sizes=\"auto, (max-width: 722px) 100vw, 722px\" \/><\/figure>\n\n\n\n<figure class=\"wp-block-image size-full\"><img loading=\"lazy\" decoding=\"async\" width=\"990\" height=\"563\" src=\"https:\/\/torce2026.fr\/wp-content\/uploads\/2026\/01\/Conclusion-rapport-dactivite.jpg\" alt=\"\" class=\"wp-image-158\" srcset=\"https:\/\/torce2026.fr\/wp-content\/uploads\/2026\/01\/Conclusion-rapport-dactivite.jpg 990w, https:\/\/torce2026.fr\/wp-content\/uploads\/2026\/01\/Conclusion-rapport-dactivite-300x171.jpg 300w, https:\/\/torce2026.fr\/wp-content\/uploads\/2026\/01\/Conclusion-rapport-dactivite-768x437.jpg 768w\" sizes=\"auto, (max-width: 990px) 100vw, 990px\" \/><\/figure>\n\n\n\n<p><strong>La <\/strong><em><strong>taxe g\u00e9n\u00e9rale sur les activit\u00e9s polluantes<\/strong><\/em><strong> (<\/strong><em><strong>TGAP<\/strong><\/em><strong>)&nbsp;, g\u00e9n\u00e9r\u00e9e par l\u2019Etat doit \u00eatre pay\u00e9e par les entreprises ayant une activit\u00e9 polluante ou utilisant des produits polluants et in fine elle se retrouve sur la facture du contribuable.<\/strong> La TGAP, a fait un bond depuis 5 ans. Cette taxe se traduit dans les faits comme une sanction, profitant de l\u2019augmentation g\u00e9n\u00e9ralis\u00e9e des tonnages.<\/p>\n\n\n\n<p>Vous pouvez retrouver toutes les informations cit\u00e9es ci-dessus sur le site du SYVALORM, dans le rapport annuel d\u2019activit\u00e9 SYVALORM 2024\u00a0:<a href=\"https:\/\/www.syvalorm.fr\/wp-content\/themes\/syvalorm\/doc\/99_AU-RA%20essai%20maitre%2004082025%208h40.pdf\">https:\/\/www.syvalorm.fr\/wp-content\/themes\/syvalorm\/doc\/99_AU-RA%20essai%20maitre%2004082025%208h40.pdf<\/a><\/p>\n\n\n\n<p><\/p>\n","protected":false},"excerpt":{"rendered":"<p>26 janvier 2026 En 2022, 298&nbsp;Mt de d\u00e9chets ont \u00e9t\u00e9 trait\u00e9es en France par le Service Public de Gestion des D\u00e9chets ou par des acteurs priv\u00e9s. Comment ces d\u00e9chets sont-ils trait\u00e9s&nbsp;? Quelles sont les \u00e9volutions des modes de traitement&nbsp;? Comment traiter ces d\u00e9chets de mani\u00e8re responsable&nbsp;? Il existe deux types de traitement pour ces d\u00e9chets&nbsp;: [&hellip;]<\/p>\n","protected":false},"author":1,"featured_media":0,"parent":0,"menu_order":0,"comment_status":"closed","ping_status":"closed","template":"","meta":{"footnotes":""},"class_list":["post-152","page","type-page","status-publish","hentry"],"_links":{"self":[{"href":"https:\/\/torce2026.fr\/index.php?rest_route=\/wp\/v2\/pages\/152","targetHints":{"allow":["GET"]}}],"collection":[{"href":"https:\/\/torce2026.fr\/index.php?rest_route=\/wp\/v2\/pages"}],"about":[{"href":"https:\/\/torce2026.fr\/index.php?rest_route=\/wp\/v2\/types\/page"}],"author":[{"embeddable":true,"href":"https:\/\/torce2026.fr\/index.php?rest_route=\/wp\/v2\/users\/1"}],"replies":[{"embeddable":true,"href":"https:\/\/torce2026.fr\/index.php?rest_route=%2Fwp%2Fv2%2Fcomments&post=152"}],"version-history":[{"count":1,"href":"https:\/\/torce2026.fr\/index.php?rest_route=\/wp\/v2\/pages\/152\/revisions"}],"predecessor-version":[{"id":159,"href":"https:\/\/torce2026.fr\/index.php?rest_route=\/wp\/v2\/pages\/152\/revisions\/159"}],"wp:attachment":[{"href":"https:\/\/torce2026.fr\/index.php?rest_route=%2Fwp%2Fv2%2Fmedia&parent=152"}],"curies":[{"name":"wp","href":"https:\/\/api.w.org\/{rel}","templated":true}]}}